+ 32504?
32522
In base 10, what is -95348 + 5?
-95343
In base 10, what is 43322 + -3?
43319
In base 9, what is 5 - -85474?
85480
In base 16, what is -e08f - 3?
-e092
In base 15, what is -6b21c5 - -5?
-6b21c0
In base 5, what is -1 + 1131?
1130
In base 5, what is -4334 - -11430?
2041
In base 3, what is -112002100 - -112?
-112001211
In base 12, what is 9a4 - -66?
a4a
In base 8, what is -51737 - 1?
-51740
In base 6, what is 2342210 + -1?
2342205
In base 2, what is 11100100011000 - 10011?
11100100000101
In base 8, what is -34 - 236060?
-236114
In base 4, what is -102032203 - -310?
-102031233
In base 15, what is 144 + -48?
eb
In base 16, what is 2 - 3cec?
-3cea
In base 7, what is 104 + -5436?
-5332
In base 5, what is 103 + 2311241?
2311344
In base 8, what is -3 + 103710?
103705
In base 8, what is 272206 - 4?
272202
In base 6, what is -5 - -1023401?
1023352
In base 8, what is -46166 + 11?
-46155
In base 13, what is -5 - -3c967?
3c962
In base 7, what is -660360 + 4?
-660353
In base 6, what is -153 + 30452?
30255
In base 15, what is 5 + 17e8b?
17e91
In base 5, what is 4 + 1020203?
1020212
In base 2, what is -1 + -110000010010?
-110000010011
In base 6, what is 10205 + -15051?
-4442
In base 5, what is -214422231 - 4?
-214422240
In base 14, what is -151 + 5?
-14a
In base 16, what is 2e8a7 + 0?
2e8a7
In base 2, what is 11111100100 + -100001?
11111000011
In base 9, what is -8 + -127784?
-127803
In base 3, what is 11121 + 102210?
121101
In base 8, what is -130716 + 2?
-130714
In base 5, what is 231331 - 1?
231330
In base 10, what is 2207 + -11?
2196
In base 12, what is -3a + -602?
-640
In base 13, what is -1a756 + 4?
-1a752
In base 16, what is -1f + 269?
24a
In base 4, what is 10 - -3301033012?
3301033022
In base 14, what is -1924aa + -3?
-1924ad
In base 8, what is -3772 - 22?
-4014
In base 10, what is -285700 + -1?
-285701
In base 16, what is -efdb + 4?
-efd7
In base 15, what is -5a - 10d5?
-1140
In base 15, what is 5e - -34?
93
In base 11, what is 615 - -11?
626
In base 16, what is 1 - -171ab?
171ac
In base 5, what is 30002 - 242?
24210
In base 11, what is 52 - 18?
35
In base 13, what is 8 + -1365?
-135a
In base 3, what is 212 - -10021121?
10022110
In base 10, what is 10 + -777?
-767
In base 2, what is 101 + -101000001?
-100111100
In base 13, what is -2624c0 - 5?
-2624c5
In base 11, what is 12a - 700?
-581
In base 11, what is -232 + -507?
-739
In base 14, what is 79290 - 0?
79290
In base 10, what is 103813 + -5?
103808
In base 8, what is 2 + -201641?
-201637
In base 2, what is -110001001011 + 10110100?
-101110010111
In base 4, what is -2 + -22313213?
-22313221
In base 5, what is 2321241 - -320?
2322111
In base 16, what is 27 - -329d?
32c4
In base 12, what is -129 - 2b9?
-426
In base 9, what is -48 + -31478?
-31537
In base 3, what is 110022212201 - -212?
110022220120
In base 11, what is -985 - 410?
-1295
In base 14, what is -7c + 59a9?
592b
In base 2, what is -101 + 1011000001111010001?
1011000001111001100
In base 4, what is -131201001 - -30?
-131200311
In base 7, what is 2041 - -604?
2645
In base 9, what is 54843 + 5?
54848
In base 2, what is 11001001100100 + 10001?
11001001110101
In base 16, what is 4d58 + 2?
4d5a
In base 16, what is -652 - c?
-65e
In base 13, what is 7a0 + -6?
797
In base 16, what is 1ffa3f + 4?
1ffa43
In base 12, what is -58 - 9959?
-99b5
In base 4, what is -2111 - 2?
-2113
In base 10, what is 3619200 - -3?
3619203
In base 3, what is -11 + 1012220120?
1012220102
In base 16, what is -1 - 46aa?
-46ab
In base 6, what is 3 - -210044?
210051
In base 6, what is 4 + 143541?
143545
In base 16, what is -5c24 - -4f?
-5bd5
In base 13, what is -22c39 - 3?
-22c3c
In base 6, what is -105443 + 5?
-105434
In base 3, what is -10100022122 + 1?
-10100022121
In base 14, what is 16d5 - 8?
16cb
In base 8, what is 315762 + -5?
315755
In base 11, what is -12 + -3855?
-3867
In base 7, what is 266340 - -3?
266343
In base 8, what is -3165 + 0?
-3165
In base 11, what is -52 + 14510?
14469
In base 10, what is -170 - -752?
582
In base 4, what is -2 - -10130?
10122
In base 14, what is 1b7a + -3?
1b77
In base 11, what is -722a7 - a?
-72306
In base 7, what is -115 + 4102?
3654
In base 3, what is -112210 + -22120?
-212100
In base 13, what is -3278 + -5?
-3280
In base 11, what is -58485 + 4?
-58481
In base 3, what is 212121020 + 1111?
212122201
In base 5, what is -30434 + 210?
-30224
In base 2, what is 100000001110001011 - -100?
100000001110001111
In base 6, what is 20 + -22505?
-22445
In base 2, what is -10 + 11111100001110000001?
11111100001101111111
In base 10, what is 4 - -3275?
3279
In base 15, what is 845 - -4c4?
d19
In base 4, what is 131312221 + -2?
131312213
In base 2, what is 111 + 100001101001001?
100001101010000
In base 4, what is 3333 + -3233?
100
In base 14, what is -3 + -1387?
-138a
In base 6, what is 241441 + 120?
242001
In base 5, what is 320401 + -404?
314442
In base 2, what is 1011011110110 + 101001?
1011100011111
In base 9, what is 337726 + -1?
337725
In base 5, what is -10001431 + -4?
-10001440
In base 13, what is -5 + 2198?
2193
In base 12, what is -65 + 16a72?
16a09
In base 2, what is 10011011111000 + -100001000?
10010111110000
In base 5, what is -110 - 20340?
-21000
In base 7, what is -414 - -325?
-56
In base 16, what is 1bd + 3fc?
5b9
In base 2, what is -111000 + -1000100110?
-1001011110
In base 14, what is 8956 + 6?
895c
In base 12, what is 299 + 17ba?
1a97
In base 7, what is 354350 - 11?
354336
In base 11, what is -3 - -55a7?
55a4
In base 14, what is 6d92 + -7?
6d89
In base 6, what is -130112 + -142?
-130254
In base 9, what is 133623 - 15?
133607
In base 4, what is 212102 - -10103?
222211
In base 14, what is -ab7 - 36?
-b0d
In base 15, what is 1b4a5 - 3?
1b4a2
In base 3, what is 1012110 + 0?
1012110
In base 7, what is -211 + -3522?
-4033
In base 5, what is -20032002 + -3?
-20032010
In base 6, what is -4 - 45033?
-45041
In base 7, what is 124500 + -6?
124461
In base 16, what is 79566 - -2?
79568
In base 11, what is 15 + 106?
120
In base 2, what is 11101101 + 10001?
11111110
In base 8, what is -363 + 161?
-202
In base 11, what is -19160 - -1?
-1915a
In base 16, what is 1fc - ccd?
-ad1
In base 6, what is 4041 + -253?
3344
In base 2, what is 100111000011110 - -1011?
100111000101001
In base 4, what is 11112103 - -12?
11112121
In base 10, what is -9 + 47247?
47238
In base 8, what is -4111566 + 0?
-4111566
In base 13, what is -6c8 + 369?
-35c
In base 13, what is -54a9 + -6?
-54b2
In base 4, what is 121121203 - -11?
121121220
In base 9, what is 54131 + -2?
54128
In base 8, what is -2 - -173076?
173074
In base 16, what is -49 - 43a?
-483
In base 6, what is 50111 - 145?
45522
In base 2, what is 111111 + -10001001100?
-10000001101
In base 15, what is 4dd07 + -3?
4dd04
In base 11, what is -4 + -4461a?
-44623
In base 2, what is -100011100 - 11110?
-100111010
In base 14, what is -1 - 4b4b?
-4b4c
In base 2, what is 101000000011101 - -100110?
101000001000011
In base 14, what is -2 + -6a845?
-6a847
In base 4, what is 3 + 203123300?
203123303
In base 13, what is -5 - 2b9c?
-2ba4
In base 15, what is 4cd + -3d9?
e4
In base 13, what is -60818 - 5?
-60820
In base 4, what is 322210133 - 11?
322210122
In base 11, what is -a94 - -5a2?
-4a2
In base 6, what is 51 + 51141?
51232
In base 16, what is 2 - -540d?
540f
In base 11, what is -270 + 450?
190
In base 3, what is -101200002 - 20211?
-101220220
In base 7, what is 10233 - 1?
10232
In base 10, what is -11740 - -19?
-11721
In base 7, what is -16554 + -6?
-16563
In base 15, what is e0 + d?
ed
In base 12, what is 0 - -11881?
11881
In base 13, what is -283 - 71?
-324
In base 12, what is -12767 - 1?
-12768
In base 3, what is -2221010110 + 112?
-2221002221
In base 11, what is 5 - -3022?
3027
In base 10, what is 7 - 1255?
-1248
In base 14, what is 310a + -9?
3101
In base 11, what is -321 - 172?
-493
In base 14, what is 1 + 908a7?
908a8
In base 14, what is 1 - -287072?
287073
In base 12, what is -7b2 + 14?
-79a
In base 11, what is a36 - 28?
a09
In base 12, what is 3 + -423?
-420
In base 7, what is 20 - -150601?
150621
In base 6, what is 5201 - -412?
10013
In base 11, what is -5 + -50804?
-50809
In base 16, what is -21a + 5b?
-1bf
In base 5, what is 1130043 + 1?
1130044
In base 13, what is 10b09 - -8?
10b14
In base 5, what 